 to base 4
-102330002212
What is -2254b9 (base 12) in base 6?
-15431153
What is -4201021304 (base 5) in base 9?
-17173747
What is -1638145 (base 9) in base 2?
-11011110100000001100
Convert -343012303 (base 5) to base 13.
-41853a
-20a3f4 (base 16) to base 10
-2139124
What is 101000110100110000 (base 2) in base 11?
1046a5
Convert 32a211 (base 11) to base 14.
d9995
What is 15110 (base 8) in base 6?
51052
Convert 454563 (base 7) to base 15.
18e80
-124125353 (base 7) to base 9
-15778875
What is 356075 (base 12) in base 9?
1551508
-1e040d (base 15) to base 11
-91378a
Convert -1001101111000001101100 (base 2) to base 5.
-1123130131
-52514415 (base 6) to base 8
-5664353
9c6147 (base 13) to base 3
20221212101210
11111111010001010101111 (base 2) to base 12
297483b
Convert 6582926 (base 11) to base 2.
101100000101001011001000
Convert -2f69b (base 16) to base 3.
-100212101201
3941417 (base 10) to base 9
7366542
Convert -487026 (base 9) to base 10.
-293811
What is -345252 (base 9) in base 2?
-110010100110001101
What is 24327 (base 13) in base 11?
45a1a
-77a58 (base 14) to base 7
-2315641
What is 10110001010011100101 (base 2) in base 7?
6113222
Convert -b49535 (base 14) to base 6.
-334351403
-6018737 (base 9) to base 14
-5d4ac8
312111223 (base 5) to base 13
35cc88
-110c8 (base 16) to base 7
-410410
Convert 301005 (base 8) to base 4.
120020011
What is 4210330 (base 6) in base 3?
101100021200
Convert 31043222 (base 5) to base 2.
111101110000001001
What is 93247 (base 10) in base 8?
266077
What is 61844 (base 13) in base 7?
1326056
What is -1130321 (base 6) in base 9?
-88144
Convert -10075776 (base 8) to base 4.
-20013233332
What is -7403271 (base 9) in base 14?
-750960
What is 72b6 (base 12) in base 13?
5913
Convert -2050361 (base 7) to base 8.
-743305
What is -5a02 (base 12) in base 9?
-14742
-ba74 (base 13) to base 10
-25952
What is -25013 (base 13) in base 3?
-10110110002
-21924 (base 11) to base 12
-16440
233122420 (base 5) to base 14
1dad11
Convert 703631 (base 8) to base 13.
8139c
-4510241 (base 6) to base 3
-102112020121
-213406 (base 7) to base 9
-56074
Convert ac72a7 (base 15) to base 9.
16426214
What is 1110002 (base 3) in base 2?
10000011111
120014122 (base 5) to base 3
1000211202200
5011200 (base 6) to base 2
111001010101110000
-113804 (base 9) to base 13
-25204
-4654a (base 15) to base 10
-223945
-73486a6 (base 11) to base 8
-61325026
Convert 2521430 (base 7) to base 13.
b4a37
Convert 3148232 (base 9) to base 11.
a5149a
-2e607 (base 15) to base 4
-210211201
Convert -3504051 (base 8) to base 13.
-274637
What is -a1432e (base 15) in base 12?
-2694082
What is -740593 (base 11) in base 8?
-4415504
What is 24152324 (base 7) in base 3?
11001002121022
Convert 13013535 (base 6) to base 4.
1213002203
What is 2063126 (base 7) in base 3?
110202000222
What is 1135140 (base 6) in base 8?
164104
What is -21222021012202 (base 3) in base 9?
-7867182
-100101110111010101 (base 2) to base 6
-3154005
1a7c4c (base 13) to base 16
a4a46
Convert -134215 (base 10) to base 2.
-100000110001000111
Convert 64150321 (base 7) to base 6.
312341004
-80a3 (base 13) to base 4
-10110231
What is 1362e3 (base 15) in base 16?
e3943
Convert 3092 (base 14) to base 11.
6310
What is -10130165 (base 7) in base 9?
-1531672
Convert 10110000001011000 (base 2) to base 3.
11120201202
Convert 15564 (base 9) to base 3.
112122011
What is -23623 (base 7) in base 15?
-1c47
Convert -bab97 (base 13) to base 12.
-143810
3725238 (base 9) to base 15
29ed55
What is 50202454 (base 6) in base 5?
330301332
What is -860489 (base 13) in base 7?
-35465543
What is -3070b (base 16) in base 4?
-300130023
Convert 1122200000021 (base 3) to base 12.
364951
Convert -5313c9 (base 13) to base 7.
-22350414
What is 147962 (base 15) in base 12?
3b7655
Convert 147227d (base 14) to base 4.
211332212113
What is 21013 (base 5) in base 10?
1383
What is -259c4 (base 13) in base 9?
-115652
Convert c55802 (base 13) to base 9.
8606565
Convert 200121123 (base 4) to base 12.
64963
130403210 (base 5) to base 9
1172061
385a40 (base 13) to base 5
321330334
-5bbda (base 14) to base 11
-143833
What is 304819 (base 10) in base 4?
1022122303
What is 17667 (base 10) in base 14?
661d
What is 3551125 (base 6) in base 9?
312528
Convert -502057 (base 11) to base 14.
-17064b
Convert 3c5119 (base 14) to base 6.
112432311
6645192 (base 10) to base 2
11001010110010111001000
828760 (base 9) to base 16
781bf
1152105 (base 7) to base 3
21110220220
What is -7841255 (base 9) in base 11?
-2422329
bb970 (base 15) to base 4
2101202202
Convert 728a7 (base 12) to base 10.
149887
What is 18412 (base 12) in base 8?
104516
Convert -8b16a9 (base 12) to base 16.
-21e5a1
6b599f (base 16) to base 15
93e7ea
-8c8b61 (base 14) to base 7
-55460351
Convert -1011001101011110010 (base 2) to base 9.
-618812
1ca126 (base 13) to base 14
152416
What is 248301 (base 9) in base 4?
210232102
-21237 (base 13) to base 7
-336030
Convert 140231024 (base 6) to base 14.
5354b6
-208664 (base 11) to base 15
-68c66
Convert -40402323 (base 5) to base 3.
-121112021120
Convert 233537 (base 11) to base 15.
74c5d
40135502 (base 7) to base 13
8c32a9
2240375 (base 8) to base 3
1010210220112
-172475 (base 12) to base 14
-a5121
-32003310 (base 4) to base 5
-3320323
Convert -12241201 (base 6) to base 16.
-60421
162b60 (base 13) to base 11
345512
Convert 3193177 (base 10) to base 6.
152235121
What is -186a0d (base 16) in base 10?
-1600013
What is 106350 (base 8) in base 2?
1000110011101000
Convert -10420410 (base 5) to base 14.
-25740
-4d1d0a (base 15) to base 9
-6862081
What is -1073717 (base 9) in base 8?
-2155052
What is -cbc42 (base 13) in base 3?
-200202010222
76c43 (base 14) to base 9
477683
-56a8df (base 16) to base 4
-111222203133
What is 10163a0 (base 12) in base 4?
23200232220
What is 552104 (base 9) in base 11?
2056a0
Convert -101100010101100101101 (base 2) to base 15.
-1da715
What is 111203301 (base 4) in base 14?
24277
What is 1110110010101 (base 3) in base 16?
bd91c
What is -a22a4 (base 12) in base 2?
-110011100100011100
Convert -238a76 (base 13) to base 7.
-10130142
What is -30010255 (base 6) in base 3?
-1120201220222
Convert a5499 (base 12) to base 4.
310321311
Convert -23d50 (base 16) to base 4.
-203311100
30a403 (base 13) to base 15
176b38
Convert 13110310033 (base 4) to base 7.
22215313
1024033101 (base 5) to base 3
11002110101010
-5355411 (base 9) to base 4
-22330331200
-30ddd (base 14) to base 9
-188761
What is -1455423 (base 6) in base 5?
-10213404
What is -1c6d5 (base 16) in base 11?
-7a532
What is -1100000011110010011011 (base 2) in base 3?
-12221121102002
-1223014243 (base 5) to base 12
-b98776
What is 68c46 (base 13) in base 3?
100201001010
What is -36669 (base 16) in base 13?
-7a565
Convert 422023 (base 6) to base 4.
20111133
What is -1526134 (base 8) in base 5?
-102443330
Convert 203102212 (base 4) to base 14.
3a970
What is 650779 (base 10) in base 12?
274737
Convert -10114120 (base 5) to base 15.
-19640
Convert 96571 (base 10) to base 3.
11220110201
What is 212020110011 (base 3) in base 4?
1233223003
-4105534 (base 6) to base 11
-124023
What is -1a3395 (base 11) in base 13?
-abc8c
226721 (base 8) to base 10
77265
What is 114947 (base 10) in base 11?
793a8
What is 26062a8 (base 11) in base 4?
101032332032
-1256535 (base 9) to base 14
-13c5c7
What is 636a47 (base 15) in base 8?
22027504
What is 1010022211011020 (base 3) in base 12?
5492a66
Convert 113132311 (base 4) to base 6.
2021141
Convert -22a3bb3 (base 12) to base 5.
-3202341040
What is 1240134 (base 5) in base 2?
101111101100011
What is -1044312220 (base 5) in base 9?
-4353651
7812660 (base 10) to base 15
a44ce0
196333 (base 10) to base 5
22240313
Convert 1ca880 (base 13) to base 7.
6161001
Convert 442145 (base 8) to base 14.
3c20d
What is 1032201130 (base 4) in base 15?
6546d
-464894 (base 11) to base 9
-1344854
Convert -11252027 (base 8) to base 5.
-1111240414
Convert 222115 (base 6) to base 8.
44277
What is 2c96ee (base 15) in base 13?
5a7454
Convert 187242 (base 15) to base 4.
10202022200
1643401 (base 7) to base 3
102122120101
-807 (base 9) to base 12
-467
What is -27290 (base 10) in base 16?
-6a9a
Convert -2200013320 (base 4) to base 11.
-408840
Convert -200321230311 (base 4) to base 12.
-2a7b359
Convert -1